at is the remainder when 1682 is divided by 8?
2
What is the remainder when 202365 is divided by 604?
25
Calculate the remainder when 53324 is divided by 300.
224
What is the remainder when 8329 is divided by 417?
406
What is the remainder when 159883 is divided by 1045?
1043
What is the remainder when 2942 is divided by 177?
110
Calculate the remainder when 3485 is divided by 41.
0
Calculate the remainder when 2660 is divided by 192.
164
What is the remainder when 2944 is divided by 2897?
47
What is the remainder when 588506 is divided by 30?
26
Calculate the remainder when 9030 is divided by 1019.
878
Calculate the remainder when 5973 is divided by 4146.
1827
Calculate the remainder when 312228 is divided by 16.
4
What is the remainder when 48335 is divided by 8054?
11
Calculate the remainder when 21656 is divided by 773.
12
Calculate the remainder when 3428 is divided by 65.
48
Calculate the remainder when 28306 is divided by 79.
24
What is the remainder when 6532 is divided by 885?
337
What is the remainder when 4844 is divided by 4769?
75
Calculate the remainder when 10814 is divided by 1198.
32
Calculate the remainder when 1482 is divided by 697.
88
What is the remainder when 20757 is divided by 40?
37
Calculate the remainder when 11206 is divided by 50.
6
Calculate the remainder when 32899 is divided by 268.
203
What is the remainder when 49212 is divided by 92?
84
What is the remainder when 76802 is divided by 15359?
7
Calculate the remainder when 65257 is divided by 21751.
4
Calculate the remainder when 17149 is divided by 127.
4
What is the remainder when 31766 is divided by 31759?
7
Calculate the remainder when 4429526 is divided by 37.
34
What is the remainder when 5613 is divided by 179?
64
What is the remainder when 288449 is divided by 25?
24
Calculate the remainder when 64832 is divided by 43.
31
What is the remainder when 8370 is divided by 263?
217
What is the remainder when 25559 is divided by 89?
16
Calculate the remainder when 838 is divided by 715.
123
Calculate the remainder when 1131523 is divided by 235.
233
What is the remainder when 1025838 is divided by 341943?
9
Calculate the remainder when 1313 is divided by 487.
339
What is the remainder when 56306 is divided by 1083?
1073
Calculate the remainder when 480584 is divided by 173.
163
What is the remainder when 53694 is divided by 942?
0
Calculate the remainder when 7554 is divided by 85.
74
What is the remainder when 101391 is divided by 258?
255
Calculate the remainder when 3654 is divided by 3653.
1
What is the remainder when 2860 is divided by 19?
10
What is the remainder when 2768 is divided by 33?
29
Calculate the remainder when 11581 is divided by 132.
97
What is the remainder when 9250 is divided by 4601?
48
What is the remainder when 25191 is divided by 38?
35
Calculate the remainder when 17923 is divided by 126.
31
Calculate the remainder when 21260 is divided by 1063.
0
What is the remainder when 618 is divided by 69?
66
What is the remainder when 549 is divided by 23?
20
Calculate the remainder when 121962 is divided by 74.
10
Calculate the remainder when 23398 is divided by 54.
16
Calculate the remainder when 106867 is divided by 694.
685
Calculate the remainder when 422874 is divided by 16263.
36
What is the remainder when 7345 is divided by 446?
209
Calculate the remainder when 5526 is divided by 213.
201
Calculate the remainder when 17771 is divided by 8879.
13
What is the remainder when 297551 is divided by 59510?
1
What is the remainder when 253777 is divided by 10?
7
Calculate the remainder when 3132 is divided by 285.
282
Calculate the remainder when 1680 is divided by 1673.
7
Calculate the remainder when 12085 is divided by 178.
159
What is the remainder when 7990 is divided by 92?
78
What is the remainder when 4923 is divided by 184?
139
Calculate the remainder when 230475 is divided by 642.
639
What is the remainder when 8342 is divided by 640?
22
What is the remainder when 1518 is divided by 117?
114
What is the remainder when 1875 is divided by 586?
117
What is the remainder when 1076424 is divided by 269102?
16
What is the remainder when 332968 is divided by 2798?
6
What is the remainder when 220972 is divided by 26?
24
Calculate the remainder when 77183 is divided by 96.
95
Calculate the remainder when 272599 is divided by 725.
724
What is the remainder when 774 is divided by 309?
156
Calculate the remainder when 19616 is divided by 76.
8
What is the remainder when 22931 is divided by 7642?
5
Calculate the remainder when 3147 is divided by 43.
8
Calculate the remainder when 17933 is divided by 147.
146
Calculate the remainder when 3233 is divided by 20.
13
Calculate the remainder when 88512 is divided by 12643.
11
What is the remainder when 262888 is divided by 22?
10
Calculate the remainder when 56344 is divided by 587.
579
Calculate the remainder when 21882 is divided by 34.
20
What is the remainder when 4947 is divided by 64?
19
What is the remainder when 5031 is divided by 269?
189
What is the remainder when 10986 is divided by 1740?
546
Calculate the remainder when 91205 is divided by 185.
0
What is the remainder when 83891 is divided by 451?
5
What is the remainder when 1952 is divided by 166?
126
Calculate the remainder when 1168 is divided by 19.
9
What is the remainder when 38724 is divided by 1106?
14
Calculate the remainder when 36974 is divided by 305.
69
Calculate the remainder when 89664 is divided by 227.
226
What is the remainder when 3087 is divided by 764?
31
What is the remainder when 8671 is divided by 652?
195
What is the remainder when 22125 is divided by 415?
130
What is the remainder when 2832 is divided by 898?
138
Calculate the remainder when 13296 is divided by 11.
8
What is the remainder when 1217 is divided by 244?
241
What is the remainder when 1545 is divided by 32?
9
What is the remainder when 478628 is divided by 3347?
7
Calculate the remainder when 4984 is divided by 232.
112
What is the remainder when 1156763 is divided by 188?
187
What is the remainder when 1059811 is divided by 24?
19
What is the remainder when 40895 is divided by 36?
35
What is the remainder when 70329 is divided by 23434?
27
What is the remainder when 461 is divided by 316?
145
What is the remainder when 10109 is divided by 188?
145
What is the remainder when 3172 is divided by 3161?
11
Calculate the remainder when 23209 is divided by 172.
161
Calculate the remainder when 17037 is divided by 84.
69
Calculate the remainder when 4444 is divided by 642.
592
Calculate the remainder when 732 is divided by 67.
62
What is the remainder when 1324 is divided by 359?
247
Calculate the remainder when 3434 is divided by 476.
102
Calculate the remainder when 1342 is divided by 853.
489
Calculate the remainder when 26473 is divided by 1260.
13
What is the remainder when 21983 is divided by 5492?
15
Calculate the remainder when 99628 is divided by 67.
66
What is the remainder when 1162737 is divided by 387578?
3
What is the remainder when 3632 is divided by 3497?
135
What is the remainder when 150869 is divided by 214?
213
What is the remainder when 2398 is divided by 507?
370
Calculate the remainder when 1670 is divided by 321.
65
Calculate the remainder when 10203 is divided by 146.
129
What is the remainder when 27898109 is divided by 1070?
1069
Calculate the remainder when 2293 is divided by 237.
160
Calculate the remainder when 1034 is divided by 129.
2
Calculate the remainder when 20921 is divided by 56.
33
What is the remainder when 1947 is divided by 969?
9
What is the remainder when 126986 is divided by 212?
210
What is the remainder when 3676 is divided by 6?
4
Calculate the remainder when 454181 is divided by 8.
5
Calculate the remainder when 1047972 is divided by 81.
75
Calculate the remainder when 91474 is divided by 60.
34
Calculate the remainder when 40777 is divided by 20351.
75
Calculate the remainder when 16949 is divided by 385.
9
Calculate the remainder when 2526 is divided by 32.
30
Calculate the remainder when 505642 is divided by 19.
14
Calculate the remainder when 14414 is divided by 262.
4
Calculate the remainder when 16645 is divided by 29.
28
What is the remainder when 529985 is divided by 176654?
23
What is the remain